 of c.
2, 7
Let n = 29 - 25. Suppose 0 = 5*i - 3*q - 49, -3*q + q + 48 = n*i. List the prime factors of i.
11
Suppose -m + 1466 = 2*c, 2199 = 2*c + c + 3*m. List the prime factors of c.
733
Let b = 3 - 10. Let s(w) = -w**3 - 6*w**2 + 9*w + 10. Let i be s(b). Let n = 25 + i. What are the prime factors of n?
3, 7
Suppose 8 = 8*v - 5*v - 2*x, -10 = -v - 3*x. Suppose -2*k = -v*j - 136, -j - 1 = -4*k + 299. What are the prime factors of k?
2, 19
Let k(n) = 4*n**2 + 4*n + 7. Let s(c) = 24*c**2 - 1. Let f be s(-1). Let r = 20 - f. List the prime factors of k(r).
31
Suppose 3*r - 1839 = -582. What are the prime factors of r?
419
Let r = -48 + 52. Suppose 3*h = -r*y + 368, h + 73 = 3*y + 200. What are the prime factors of h?
2, 31
Suppose 4*w + 2*m - 1848 = 0, -2*w = -6*w - 4*m + 1848. List the prime factors of w.
2, 3, 7, 11
Let a(o) = 4*o - 8. Let z(w) = -3*w + 8. Let m(l) = 4*a(l) + 5*z(l). Let g be -2 + (24/2)/4 - 7. What are the prime factors of m(g)?
2
Let f(s) = -2*s**2 - 9*s + 9. Let g be f(-7). Let k be 4/g - (-27056)/104. Suppose 4*l = -4*j + k, l = 3 + 2. List the prime factors of j.
2, 3, 5
Let a = 330 - -2848. What are the prime factors of 2 + a/12 + 10/60?
3, 89
What are the prime factors of ((-37850)/(-20))/((-10)/(-8))?
2, 757
Let b(h) = 34*h**2 + h - 16. List the prime factors of b(9).
41, 67
Let f(s) = -5*s**2 + 17*s + 4. Let h(q) = -q**2 + 4*q + 1. Let n(z) = -2*f(z) + 9*h(z). What are the prime factors of n(-9)?
2
Let k(x) = -30*x + 65. What are the prime factors of k(-20)?
5, 7, 19
Suppose y + 36 = 4*y. Suppose 3*h - y = 4*f, -f = 3*f + 3*h - 12. Suppose -5*z + f*z = 5, -5*t - z + 114 = 0. List the prime factors of t.
23
Let f be 3/((0 + 2)*1/14). Suppose f*j - 27*j + 1764 = 0. List the prime factors of j.
2, 3, 7
Let g be (6/(-9))/(2/(-6)). Suppose 7*a = 2*a - g*t, t = 4*a. Suppose -i + 2*i - 24 = a. What are the prime factors of i?
2, 3
Suppose 290 = -5*h - 3*j, -h - 3*j + 0*j - 58 = 0. Let y(a) = 29*a**2 + 8*a + 3. Let z be y(-2). Let r = z + h. List the prime factors of r.
3, 5
Suppose 13 = 2*l - 105. Let b = -45 + l. List the prime factors of b.
2, 7
Let c(v) = 38*v**2 + 12*v - 11. What are the prime factors of c(-6)?
5, 257
Let g(f) = -2*f**3 - 14*f**2 + 10*f + 13. Let a be g(-10). Suppose 0 = 5*x + 20, -a = -3*n - x + 4*x. List the prime factors of n.
167
Let j(l) = -4*l + 536. What are the prime factors of j(0)?
2, 67
Suppose 8 - 112 = -8*v. Suppose 25 = -v*t + 18*t. Suppose n + 85 = t*y - y, -18 = -y - 3*n. List the prime factors of y.
3, 7
Suppose 4*t = -3*h - 0*t + 83, 5*h - 115 = -2*t. Suppose 0 = 2*q - 4*k + 21 + 23, -5*q - 3*k - 71 = 0. Let i = h + q. What are the prime factors of i?
5
Let a = 722 + -442. Suppose 11*p - a = 3*p. Suppose -4*l + p = l. List the prime factors of l.
7
What are the prime factors of 0 + 162 + -21*1/3?
5, 31
Let d be ((4 - 8)/2)/((-4)/24). Let y(c) = 3*c**2 - 22*c - 17. List the prime factors of y(d).
151
Let y(f) = -f**2 + 3*f + 3. Let r be y(2). What are the prime factors of (-365)/r*-1*1?
73
Let i be 2 - 4/6*3. Let v = i - -5. What are the prime factors of v?
5
Suppose 3*c - 1683 = -4*b + 5*b, -548 = -c - 4*b. What are the prime factors of c?
2, 5, 7
Let b(p) = p**2 + 2*p - 13. Let m be b(5). Let q = m + -15. Let i(g) = 7*g - 12. List the prime factors of i(q).
37
Let l be (-1304)/(-12)*6/4. Let u = -73 + l. Suppose -2*g + u = g. List the prime factors of g.
2, 3, 5
Let d(v) = -v**3 + 9*v**2 + 15*v - 6. Let z be (-4)/8 - 6/(-4). Let c = z + 9. What are the prime factors of d(c)?
2, 11
Let l be (10/(-6))/((-14)/(-42)). Let t be 3*l/(-3) - 2. List the prime factors of 31*(t + -7 + 5).
31
Suppose -3*u + 3*d = -4*u - 113, 4*u - 3*d = -497. Let z = u - -280. What are the prime factors of z?
2, 79
Suppose -5*y = -0*y + 15. Let x be 3 + (4/(-2) - y). Suppose 4*o - 8 = 0, x*v + 2*o + 3*o = 38. List the prime factors of v.
7
Let o be -10*((-5)/(-10) + -1). Let t = o + 55. What are the prime factors of t?
2, 3, 5
Let t(r) = 7*r**3 - r**2 - 3*r + 4. Let j be t(2). Let a = 86 - j. List the prime factors of a.
2, 3
Let k(c) = -2694*c**3 - 2*c**2 + 5*c - 4. Let t be k(1). What are the prime factors of ((-8)/10)/(11/t)?
2, 7
What are the prime factors of 24/(-32)*596/(-6)*38?
19, 149
Let v = 25 + 25. Suppose 2*r - 4*p = v, -p - 4 = -3*p. List the prime factors of r.
29
Suppose 6 = 3*o - 0. Suppose -5*v + o*v = -174. What are the prime factors of v?
2, 29
Let g(c) = -15*c - 28. Let s be g(-2). Suppose -28 = -r + 2*w, -13 = s*r + 2*w - 45. List the prime factors of r.
2, 5
Let m(v) = -v + 2. Let t = 21 + -19. Let g be m(t). Suppose 5*u - u = -2*q + 74, 3*u - 15 = g. List the prime factors of q.
3
Suppose 8*w - 5*w = -15. Let x(k) = -2*k - 8. What are the prime factors of x(w)?
2
Suppose 5*j = -5*w + 17 + 13, -2*j - 5*w = -18. Suppose j*y = -y + 65. Let p(u) = -u + 15. What are the prime factors of p(y)?
2
Let p = 9 + -7. Let s = p + 1. Suppose 4*j - 36 = -4*l, -j - 34 = -l + s*j. List the prime factors of l.
2, 7
Let m(j) = -59*j**3 - j**2 + j + 2. Let o be m(-2). Let w be o/27*(1 + 2). Let i = -32 + w. List the prime factors of i.
2, 5
Suppose o - 5 = -v, -4*v + o + 2 = -8. Suppose 1 = v*c - 8. Suppose -2 = c*i - 11. What are the prime factors of i?
3
Suppose -5*x - 4 = 3*z, 2*z + 11 = -0*x - 5*x. Suppose -z = -g - 2. Suppose 0 = 4*d + k - 34, 4*k + 32 = g*d - 0*d. List the prime factors of d.
2
Suppose 4 = 5*p - 11. Suppose 0 = 3*s + p*s - 438. List the prime factors of s.
73
Suppose -7*q - 17392 = -23*q. What are the prime factors of q?
1087
Let v(k) = 6*k + 12. Let y = 15 + -12. Suppose -d = y*d - 28. What are the prime factors of v(d)?
2, 3
Suppose 0*z + 3*z = 3*h + 60, -3*z + 5*h + 58 = 0. Suppose 0 = 2*x - x + z. Let a = x + 49. What are the prime factors of a?
2, 7
Suppose -3057 = -9*y + 1353. List the prime factors of y.
2, 5, 7
Let q = 40 - 76. Let o be (q/(-90))/(2/(-5)). List the prime factors of 3 - (o - -1) - -49.
2, 13
Suppose -4*q + k = 27, -3*q - 3*k - 3 - 21 = 0. What are the prime factors of 28 - (-4 - (4 + q))?
29
Let j = 95 - -473. What are the prime factors of j?
2, 71
Let s = 463 + -108. List the prime factors of s.
5, 71
Let d be 0/(-3) + 2 + 4. Suppose -d*i + 10 = -4*i. Suppose -4*t + 174 = -k, t - 98 = -t - i*k. What are the prime factors of t?
2, 11
Let f be 9/3 + 483 + 1. Suppose 5*y + x = f, 4*y + 2*x - 279 = 113. What are the prime factors of y?
97
Suppose -1 + 9 = 4*g. Let y be (-774)/(-15) - 2/(-5). What are the prime factors of 1*y - (g + 2)?
2, 3
What are the prime factors of 12*-21*77/(-84)?
3, 7, 11
Suppose -4*y - 16 = 4*k, -y + 2*k - 8 = -13. List the prime factors of 1/y - 1 - -240.
2, 7, 17
Let o(a) = -a - 8. Let d be o(-11). Suppose i + 4 = z, -2*z = -z - d*i - 2. Suppose -3*y = -2*t - 78, z*y - 113 = 4*t + 19. What are the prime factors of y?
2, 3
Suppose -3*c + 3 = 0, 0 = 4*i - 2*c - 22 - 12. Suppose 4 = -3*q - 8. What are the prime factors of (0 - q - 3)*i?
3
Let r(s) = 5*s - 9. Let n(y) = 11*y - 17. Let x(k) = -2*n(k) + 5*r(k). Let h be 5*((-12)/16 + (-45)/(-12)). What are the prime factors of x(h)?
2, 17
Let s = -228 + 396. Let b = s - 105. List the prime factors of b.
3, 7
Suppose g = -0*j + 3*j + 30, 2*j + 25 = -g. Let l = j + 14. Suppose l*u + 53 - 185 = 0. What are the prime factors of u?
2, 11
Let s = -403 + 1003. Suppose -s = -l - 5*l. What are the prime factors of l?
2, 5
Let u = -6 - -10. Suppose -u*i = -6 - 10. List the prime factors of (5/(-2))/((-5)/i).
2
Let s = 16 + -21. Let a(h) = -h**3 + 5*h**2 + 5*h - 1. Let x be a(6). Let z = s - x. List the prime factors of z.
2
Let p(a) = 0*a**3 - a**3 + 56*a + 3 + 13*a**2 - 73*a. List the prime factors of p(7).
2, 89
Suppose -5*f + 3656 = 4*c, -f + 3665 = 4*f - 5*c. List the prime factors of f.
2, 3, 61
Let j be (-1)/(-7) - (-48)/(-42). Let m be 6*(-2 - j)*-1. Suppose m*k + 39 = 9*k. List the prime factors of k.
13
Suppose 733 = 4*o + 145. Let x = o - 97. Suppose -55 = -3*d + x. What are the prime factors of d?
5, 7
Suppose 0 = 24*r - 442 - 8150. What are the prime factors of r?
2, 179
What are the prime factors of (-9)/(792/(-108320)) + 3/33?
1231
Let i(g) = -g**3 + 8*g**2 + 13*g. Suppose -2*o - 3*m + 6 = m, o = 3*m + 18. What are the prime factors of i(o)?
2, 3
Let m(t) = 8*t**2 + 2*t + 2. Let r be m(